 composite number?
True
Is 25015920899 a composite number?
False
Is 1823993714 a composite number?
True
Is 7610319085 composite?
True
Is 79971521563 a prime number?
True
Is 141149579 composite?
False
Is 122039244463 composite?
False
Is 7635975617 composite?
False
Is 848442631 composite?
True
Is 3202704031 composite?
True
Is 343874561 composite?
True
Is 1533888451 a composite number?
True
Is 2972055247 a composite number?
True
Is 575216867 a composite number?
True
Is 232916597 composite?
False
Is 30416499397 a prime number?
True
Is 12666359977 composite?
True
Is 13205614421 prime?
False
Is 865810303 prime?
False
Is 168452714 a composite number?
True
Is 52076065 a composite number?
True
Is 4811540329 composite?
True
Is 2062940177 composite?
True
Is 2101291537 a composite number?
False
Is 103256264051 composite?
True
Is 994545439 a composite number?
True
Is 455123555015 a prime number?
False
Is 9847962821 a prime number?
True
Is 8460817727 a prime number?
True
Is 1305109327 prime?
False
Is 51255107543 a prime number?
True
Is 9588893213 a composite number?
True
Is 275567589299 a composite number?
False
Is 1427132141 a prime number?
False
Is 13577141 a prime number?
True
Is 258507503 composite?
False
Is 33164623 prime?
True
Is 2042582695 a prime number?
False
Is 3000807809 a prime number?
True
Is 8075988359 a prime number?
True
Is 1721365381 a composite number?
True
Is 480009941 a composite number?
False
Is 33172751785 composite?
True
Is 10071731597 a composite number?
True
Is 16971748609 a prime number?
True
Is 32447513779 prime?
True
Is 5083991051 prime?
True
Is 4364083327 composite?
False
Is 2149442623 composite?
False
Is 11570392565 a prime number?
False
Is 181712659447 a prime number?
False
Is 1376536639 prime?
False
Is 213779741 prime?
False
Is 49955915 a prime number?
False
Is 185250367 a prime number?
True
Is 6287061505 a composite number?
True
Is 56853224599 composite?
True
Is 1709749093 a composite number?
True
Is 1827253399 a composite number?
True
Is 3022221061 a composite number?
False
Is 765709733 a prime number?
False
Is 2396797 a prime number?
False
Is 7168361243 composite?
True
Is 4241233771 a composite number?
False
Is 1520633861 a prime number?
True
Is 4918618609 a prime number?
False
Is 123611123959 prime?
True
Is 7915413347 a composite number?
False
Is 210086069 composite?
False
Is 1187552761 composite?
False
Is 2715875357 a composite number?
True
Is 14129177753 a prime number?
False
Is 1397999893 composite?
False
Is 3726587429 prime?
True
Is 15611229287 prime?
True
Is 5385553829 prime?
True
Is 215941591 prime?
True
Is 30303704471 prime?
True
Is 51074631767 a prime number?
True
Is 91637839 prime?
True
Is 72866034323 a prime number?
False
Is 2910501419 a composite number?
True
Is 34378363463 composite?
False
Is 20748874717 prime?
True
Is 21180869249 a prime number?
True
Is 968458399 prime?
True
Is 3301936123 a composite number?
False
Is 74039462671 composite?
False
Is 6408235871 composite?
True
Is 2545869853 a composite number?
False
Is 8722124531 prime?
False
Is 452467727 a composite number?
False
Is 1747171397 prime?
True
Is 784760057 a prime number?
True
Is 774201577 a prime number?
True
Is 528770303 composite?
False
Is 936602617 composite?
False
Is 1668116987 a composite number?
False
Is 13810903367 a composite number?
False
Is 75007469347 composite?
False
Is 86259017 a composite number?
True
Is 2202213659 a composite number?
False
Is 18708473437 a composite number?
False
Is 504383603 prime?
True
Is 2677763677 prime?
False
Is 407757923 a composite number?
False
Is 5739113599 a composite number?
True
Is 1218768809 a composite number?
False
Is 5693074873 a prime number?
True
Is 87429142943 prime?
True
Is 16725072691 a prime number?
False
Is 757150283 composite?
False
Is 1028878091 a prime number?
True
Is 3927815321 a prime number?
True
Is 49286209069 a composite number?
True
Is 760388029 composite?
True
Is 11066364619 a prime number?
True
Is 44742969473 composite?
False
Is 1269642337 composite?
False
Is 195789275041 a composite number?
False
Is 10482041377 prime?
False
Is 6725592427 a composite number?
False
Is 35630531653 a prime number?
True
Is 5481931801 a prime number?
False
Is 117134553677 composite?
False
Is 30915143657 a composite number?
False
Is 17468226059 composite?
True
Is 406004707 a composite number?
True
Is 6184093297 a composite number?
True
Is 59378504863 a composite number?
False
Is 1674533703 a composite number?
True
Is 1992739183 a prime number?
True
Is 348034397 prime?
True
Is 35073180013 composite?
False
Is 143887753 prime?
True
Is 219755021 prime?
True
Is 18924559453 a prime number?
True
Is 47827498 composite?
True
Is 406287227 composite?
False
Is 3064875553 prime?
False
Is 2209981495 composite?
True
Is 17651301665 composite?
True
Is 2700363269 prime?
True
Is 17914582943 a composite number?
False
Is 8858418311 composite?
False
Is 51802820347 a composite number?
False
Is 129987587 composite?
False
Is 411826913 a prime number?
False
Is 1000631993 a prime number?
True
Is 5266026541 composite?
False
Is 8819647899 prime?
False
Is 831982717 a prime number?
True
Is 70185813149 composite?
True
Is 52412494451 a prime number?
True
Is 782168171 composite?
False
Is 16274534989 a prime number?
False
Is 36499886099 composite?
False
Is 233493301 prime?
False
Is 103918801 composite?
True
Is 552563741 composite?
False
Is 283419551 prime?
True
Is 47665255823 a prime number?
False
Is 3076117549 a composite number?
True
Is 4071425381 prime?
False
Is 3912231859 composite?
True
Is 3384601261 a composite number?
False
Is 216460580891 a prime number?
False
Is 3219187061 a prime number?
False
Is 19470385993 composite?
False
Is 20333324899 composite?
False
Is 18014384129 a composite number?
True
Is 1065289741 a composite number?
True
Is 7575205226 composite?
True
Is 7302558023 a composite number?
False
Is 345644905 composite?
True
Is 12960955697 a prime number?
False
Is 249852529 a composite number?
True
Is 8061557617 a composite number?
False
Is 1333407017 a composite number?
True
Is 208183357 a composite number?
False
Is 250951031 a prime number?
False
Is 21134610433 a composite number?
False
Is 652870963 a prime number?
True
Is 20247048119 composite?
False
Is 1208848217 prime?
True
Is 283630513 prime?
False
Is 798951761 a composite number?
False
Is 17244088066 prime?
False
Is 4316728919 a composite number?
True
Is 845938883 prime?
False
Is 3441889433 a composite number?
False
Is 11020965983 composite?
True
Is 1486840573 a composite number?
True
Is 9398814793 prime?
True
Is 491206951 a composite number?
False
Is 134981071 composite?
True
Is 77404482373 composite?
False
Is 794676643 a composite number?
False
Is 9885722369 a composite number?
True
Is 20628616963 a composite number?
True
Is 3495208951 a composite number?
True
Is 2889863189 composite?
True
Is 7169216821 a prime number?
False
Is 1350228311 a prime number?
True
Is 1565229273 a prime number?
False
Is 5199266687 a composite number?
False
Is 1280051459 prime?
True
Is 11074965493 a composite number?
True
Is 3884015545 a prime number?
False
Is 3575330393 prime?
False
Is 1327446079 prime?
False
Is 73212229 composite?
True
Is 211362113 prime?
True
Is 1665767189 a composite number?
False
Is 677014111 composite?
True
Is 1013697727 a prime number?
False
Is 1528969031 prime?
True
Is 158231033911 composite?
False
Is 22496071859 prime?
True
Is 166296418 a composite number?
True
Is 699412703 composite?
True
Is 2205155207 prime?
False
Is 4136379393 a prime number?
False
Is 11915141891 composite?
False
Is 13231796239 composite?
True
Is 831137423 composite?
True
Is 22665605477 composite?
False
Is 330108899 a prime number?
True
Is 103504128197 a composite number?
False
Is 12500932621 a composite number?
True
Is 52320247171 a prime number?
True
Is 48571319 prime?
True
Is 63320858785 composite?
True
Is 1912379593 composite?
True
Is 1399530467 a composite number?
False
Is 1555496479 prime?
True
Is 89809044509 a prime number?
False
Is 82978488535 a composite number?
True
Is 8236288867 composite?
True
Is 182792629 a prime number?
True
Is 2223249649 a composite number?
True
Is 1167183527 a prime number?
True
Is 1841998843 prime?
False
Is 4132581553 a composite number?
True
Is 555647287